{"id":10,"date":"2024-02-14T15:45:14","date_gmt":"2024-02-14T14:45:14","guid":{"rendered":"https:\/\/elhayatassistance.myfikra.com\/?page_id=10"},"modified":"2025-12-30T08:18:48","modified_gmt":"2025-12-30T07:18:48","slug":"accueil","status":"publish","type":"page","link":"https:\/\/elhayatassistance.myfikra.com\/","title":{"rendered":"Accueil"},"content":{"rendered":"<div class=\"et_pb_section_0 et_pb_section et_section_regular et_block_section\">\n<div class=\"et_pb_row_0 et_pb_row et_pb_gutters3 et_block_row\">\n<div class=\"et_pb_column_0 et_pb_column et_pb_column_4_4 et-last-child et_block_column et_pb_css_mix_blend_mode_passthrough\">\n<div class=\"et_pb_text_0 et_pb_text et_pb_bg_layout_light et_pb_module et_block_module preset--module--divi-text--b53a70bb-9f62-4ee5-b34f-c7a321ddbf6c\"><div class=\"et_pb_text_inner\"><h1>.\u0627\u0644\u062d\u064a\u0627\u0629 \u0644\u0644\u0645\u0631\u0627\u0641\u0642\u0629 \u0648 \u0627\u0644\u0631\u0639\u0627\u064a\u0629..<\/h1>\n<\/div><\/div>\n<\/div>\n<\/div>\n\n<div class=\"et_pb_row_1 et_pb_row et_pb_gutters3 et_block_row\">\n<div class=\"et_pb_column_1 et_pb_column et_pb_column_3_5 et_block_column et_pb_css_mix_blend_mode_passthrough\">\n<div class=\"et_pb_cta_0 et_pb_promo et_pb_bg_layout_dark et_pb_module et_block_module\"><div class=\"et_pb_promo_description\"><h3 class=\"et_pb_module_header\">  Agence d&rsquo;Auxiliaires de vie -Gardes Malades   Nourrices et personnels de Maison <\/h3><\/div><div class=\"et_pb_button_wrapper\"><a class=\"et_pb_button et_pb_promo_button\" href=\"#\" data-icon=\"$\">Prendre RDV<\/a><\/div><\/div>\n<\/div>\n\n<div class=\"et_pb_column_2 et_pb_column et_pb_column_2_5 et-last-child et_block_column et_pb_column_empty et_pb_css_mix_blend_mode_passthrough\"><\/div>\n<\/div>\n<\/div>\n\n<div class=\"et_pb_section_1 et_pb_section et_section_regular et_block_section\">\n<div class=\"et_pb_row_2 et_pb_row et_pb_row_4col et_pb_equal_columns et_pb_gutters2 et_block_row\">\n<div class=\"et_pb_column_3 et_pb_column et_pb_column_1_4 et_block_column et_pb_css_mix_blend_mode_passthrough\">\n<div class=\"et_pb_divider_0 et_pb_divider_hidden et_pb_space et_pb_divider_position_top et_pb_module\"><div class=\"et_pb_divider_internal\"><\/div><\/div>\n<\/div>\n\n<div class=\"et_pb_column_4 et_pb_column et_pb_column_1_4 et_block_column et_pb_css_mix_blend_mode_passthrough\">\n<div class=\"et_pb_text_1 et_pb_text et_pb_bg_layout_light et_pb_module et_block_module preset--module--divi-text--29bb3e4b-c4aa-4616-b935-758c4e4734e8\"><div class=\"et_pb_text_inner\"><h3>L\u2019aide et l\u2019assistance au personnes<\/h3>\n<\/div><\/div>\n<\/div>\n\n<div class=\"et_pb_column_5 et_pb_column et_pb_column_1_4 et_block_column et_pb_css_mix_blend_mode_passthrough\">\n<div class=\"et_pb_divider_1 et_pb_divider_hidden et_pb_space et_pb_divider_position_top et_pb_module\"><div class=\"et_pb_divider_internal\"><\/div><\/div>\n<\/div>\n\n<div class=\"et_pb_column_6 et_pb_column et_pb_column_1_4 et-last-child et_block_column et_pb_css_mix_blend_mode_passthrough\">\n<div class=\"et_pb_text_2 et_pb_text et_pb_bg_layout_light et_pb_module et_block_module preset--module--divi-text--29bb3e4b-c4aa-4616-b935-758c4e4734e8\"><div class=\"et_pb_text_inner\"><h3>Mise \u00e0 disposition de personnels de maison<\/h3>\n<\/div><\/div>\n<\/div>\n<\/div>\n<\/div>\n\n<div class=\"et_pb_section_2 et_pb_section et_section_regular et_block_section\">\n<div class=\"et_pb_row_3 et_pb_row et_pb_gutters3 et_block_row\">\n<div class=\"et_pb_column_7 et_pb_column et_pb_column_4_4 et-last-child et_block_column et_pb_css_mix_blend_mode_passthrough\">\n<div class=\"et_pb_text_3 et_pb_text et_pb_bg_layout_light et_pb_module et_block_module preset--module--divi-text--b6cb9bd8-0fbd-4699-b58d-51b3d480db23\" id=\"aide-personnes\"><div class=\"et_pb_text_inner\"><h2>L\u2019aide et l\u2019assistance au personnes<\/h2>\n<\/div><\/div>\n\n<div class=\"et_pb_text_4 et_pb_text et_pb_bg_layout_light et_pb_module et_block_module preset--module--divi-text--31e3fe0d-2e7d-4384-8004-edb523cff22c\"><div class=\"et_pb_text_inner\"><p><span>Auxiliaires de vie, gardes malades, nourrices : notre service offre un soutien d\u00e9vou\u00e9 pour accompagner et assister les personnes dans leurs besoins quotidiens.<\/span><\/p>\n<\/div><\/div>\n<\/div>\n<\/div>\n\n<div class=\"et_pb_row_4 et_pb_row et_pb_gutters2 et_block_row\">\n<div class=\"et_pb_column_8 et_pb_column et_pb_column_1_2 et_block_column et_pb_css_mix_blend_mode_passthrough\">\n<div class=\"et_pb_module et_pb_button_module_wrapper et_pb_button_0_wrapper preset--module--divi-button--a30b17d4-93ca-4e94-b60e-0fad32ebe2b5_wrapper\"><a class=\"et_pb_button_0 et_pb_button et_pb_bg_layout_light et_pb_module et_block_module preset--module--divi-button--a30b17d4-93ca-4e94-b60e-0fad32ebe2b5\" href=\"\">Voir tous les Services<\/a><\/div>\n<\/div>\n\n<div class=\"et_pb_column_9 et_pb_column et_pb_column_1_2 et-last-child et_block_column et_pb_css_mix_blend_mode_passthrough\">\n<div class=\"et_pb_module et_pb_button_module_wrapper et_pb_button_1_wrapper preset--module--divi-button--da1d6b55-d6ba-4a97-9ef3-66dbe9a58f7b_wrapper\"><a class=\"et_pb_button_1 et_pb_button et_pb_bg_layout_light et_pb_module et_block_module preset--module--divi-button--da1d6b55-d6ba-4a97-9ef3-66dbe9a58f7b\" href=\"\" data-icon=\"$\">Prendre RDV<\/a><\/div>\n<\/div>\n<\/div>\n\n<div class=\"et_pb_row_5 et_pb_row et_pb_equal_columns et_pb_gutters3 et_block_row\">\n<div class=\"et_pb_column_10 et_pb_column et_pb_column_1_3 et_block_column et_pb_css_mix_blend_mode_passthrough\">\n<div class=\"et_pb_image_0 et_pb_image et_pb_module et_block_module\"><span class=\"et_pb_image_wrap\"><img loading=\"lazy\" decoding=\"async\" src=\"https:\/\/elhayatassistance.myfikra.com\/wp-content\/uploads\/2024\/02\/home-care-21.jpg\" width=\"800\" height=\"700\" srcset=\"https:\/\/elhayatassistance.myfikra.com\/wp-content\/uploads\/2024\/02\/home-care-21.jpg 800w, https:\/\/elhayatassistance.myfikra.com\/wp-content\/uploads\/2024\/02\/home-care-21-480x420.jpg 480w\" sizes=\"(min-width: 0px) and (max-width: 480px) 480px, (min-width: 481px) 800px, 100vw\" class=\"wp-image-15\" title=\"home-care-21\" \/><\/span><\/div>\n\n<div class=\"et_pb_text_5 et_pb_text et_pb_bg_layout_light et_pb_module et_block_module preset--module--divi-text--29bb3e4b-c4aa-4616-b935-758c4e4734e8\"><div class=\"et_pb_text_inner\"><h3>Auxiliaires de vie\u00a0<\/h3>\n<\/div><\/div>\n\n<div class=\"et_pb_text_6 et_pb_text et_pb_bg_layout_light et_pb_module et_block_module preset--module--divi-text--f0cf31b9-b2e7-4752-a57c-6e2f73347b36\"><div class=\"et_pb_text_inner\"><p><span>Pr\u00e9sence d\u00e9vou\u00e9e pour vous accompagner au quotidien.<\/span><\/p>\n<\/div><\/div>\n\n<div class=\"et_pb_module et_pb_button_module_wrapper et_pb_button_2_wrapper preset--module--divi-button--0df676f3-61e9-4bdb-9d62-c77cb87fa6d0_wrapper\"><a class=\"et_pb_button_2 et_pb_button et_pb_bg_layout_light et_pb_module et_block_module preset--module--divi-button--0df676f3-61e9-4bdb-9d62-c77cb87fa6d0\" href=\"\" data-icon=\"$\">Read More<\/a><\/div>\n<\/div>\n\n<div class=\"et_pb_column_11 et_pb_column et_pb_column_1_3 et_block_column et_pb_css_mix_blend_mode_passthrough\">\n<div class=\"et_pb_image_1 et_pb_image et_pb_module et_block_module\"><span class=\"et_pb_image_wrap\"><img loading=\"lazy\" decoding=\"async\" src=\"https:\/\/elhayatassistance.myfikra.com\/wp-content\/uploads\/2024\/02\/home-care-23.jpg\" width=\"800\" height=\"700\" srcset=\"https:\/\/elhayatassistance.myfikra.com\/wp-content\/uploads\/2024\/02\/home-care-23.jpg 800w, https:\/\/elhayatassistance.myfikra.com\/wp-content\/uploads\/2024\/02\/home-care-23-480x420.jpg 480w\" sizes=\"(min-width: 0px) and (max-width: 480px) 480px, (min-width: 481px) 800px, 100vw\" class=\"wp-image-17\" title=\"home-care-23\" \/><\/span><\/div>\n\n<div class=\"et_pb_text_7 et_pb_text et_pb_bg_layout_light et_pb_module et_block_module preset--module--divi-text--29bb3e4b-c4aa-4616-b935-758c4e4734e8\"><div class=\"et_pb_text_inner\"><h3><span>gardes malades<\/span><\/h3>\n<\/div><\/div>\n\n<div class=\"et_pb_text_8 et_pb_text et_pb_bg_layout_light et_pb_module et_block_module preset--module--divi-text--f0cf31b9-b2e7-4752-a57c-6e2f73347b36\"><div class=\"et_pb_text_inner\"><p><span>Garants de votre sant\u00e9 et r\u00e9confort en toute circonstance.<\/span><\/p>\n<\/div><\/div>\n\n<div class=\"et_pb_module et_pb_button_module_wrapper et_pb_button_3_wrapper preset--module--divi-button--0df676f3-61e9-4bdb-9d62-c77cb87fa6d0_wrapper\"><a class=\"et_pb_button_3 et_pb_button et_pb_bg_layout_light et_pb_module et_block_module preset--module--divi-button--0df676f3-61e9-4bdb-9d62-c77cb87fa6d0\" href=\"\" data-icon=\"$\">Lire plus<\/a><\/div>\n<\/div>\n\n<div class=\"et_pb_column_12 et_pb_column et_pb_column_1_3 et-last-child et_block_column et_pb_css_mix_blend_mode_passthrough\">\n<div class=\"et_pb_image_2 et_pb_image et_pb_module et_block_module\"><span class=\"et_pb_image_wrap\"><img loading=\"lazy\" decoding=\"async\" src=\"https:\/\/elhayatassistance.myfikra.com\/wp-content\/uploads\/2024\/02\/nourices2.jpg\" width=\"800\" height=\"700\" srcset=\"https:\/\/elhayatassistance.myfikra.com\/wp-content\/uploads\/2024\/02\/nourices2.jpg 800w, https:\/\/elhayatassistance.myfikra.com\/wp-content\/uploads\/2024\/02\/nourices2-480x420.jpg 480w\" sizes=\"(min-width: 0px) and (max-width: 480px) 480px, (min-width: 481px) 800px, 100vw\" class=\"wp-image-95\" title=\"nourices2\" \/><\/span><\/div>\n\n<div class=\"et_pb_text_9 et_pb_text et_pb_bg_layout_light et_pb_module et_block_module preset--module--divi-text--29bb3e4b-c4aa-4616-b935-758c4e4734e8\"><div class=\"et_pb_text_inner\"><h3><span>Nourrices <\/span><\/h3>\n<\/div><\/div>\n\n<div class=\"et_pb_text_10 et_pb_text et_pb_bg_layout_light et_pb_module et_block_module preset--module--divi-text--f0cf31b9-b2e7-4752-a57c-6e2f73347b36\"><div class=\"et_pb_text_inner\"><p><span> Accompagnent vos tout-petits avec tendresse et attention<\/span><\/p>\n<\/div><\/div>\n\n<div class=\"et_pb_module et_pb_button_module_wrapper et_pb_button_4_wrapper preset--module--divi-button--0df676f3-61e9-4bdb-9d62-c77cb87fa6d0_wrapper\"><a class=\"et_pb_button_4 et_pb_button et_pb_bg_layout_light et_pb_module et_block_module preset--module--divi-button--0df676f3-61e9-4bdb-9d62-c77cb87fa6d0\" href=\"\" data-icon=\"$\">Read More<\/a><\/div>\n<\/div>\n<\/div>\n<\/div>\n\n<div class=\"et_pb_section_3 et_pb_section et_section_regular et_block_section\">\n<div class=\"et_pb_row_6 et_pb_row et_pb_gutters3 et_block_row\">\n<div class=\"et_pb_column_13 et_pb_column et_pb_column_4_4 et-last-child et_block_column et_pb_css_mix_blend_mode_passthrough\">\n<div class=\"et_pb_text_11 et_pb_text et_pb_bg_layout_light et_pb_module et_block_module preset--module--divi-text--b6cb9bd8-0fbd-4699-b58d-51b3d480db23\"><div class=\"et_pb_text_inner\"><h2><span>Comment Nous Pouvons Vous Aider<\/span><\/h2>\n<\/div><\/div>\n<\/div>\n<\/div>\n\n<div class=\"et_pb_row_7 et_pb_row et_pb_gutters3 et_block_row\">\n<div class=\"et_pb_column_14 et_pb_column et_pb_column_1_3 et_block_column et_pb_css_mix_blend_mode_passthrough\">\n<div class=\"et_pb_circle_counter_0 et_pb_circle_counter et_pb_with_title et_pb_bg_layout_light et_pb_text_align_center container-width-change-notify et_pb_module et_block_module\"><div class=\"et_pb_circle_counter_inner\"><div class=\"percent\"><p><span class=\"percent-value\"><\/span><span class=\"percent-sign\"><\/span><\/p><\/div><h3 class=\"et_pb_module_header\">Assistants<\/h3><\/div><\/div>\n<\/div>\n\n<div class=\"et_pb_column_15 et_pb_column et_pb_column_1_3 et_block_column et_pb_css_mix_blend_mode_passthrough\">\n<div class=\"et_pb_circle_counter_1 et_pb_circle_counter et_pb_with_title et_pb_bg_layout_light et_pb_text_align_center container-width-change-notify et_pb_module et_block_module\"><div class=\"et_pb_circle_counter_inner\"><div class=\"percent\"><p><span class=\"percent-value\"><\/span><span class=\"percent-sign\"><\/span><\/p><\/div><h3 class=\"et_pb_module_header\">Patients<\/h3><\/div><\/div>\n<\/div>\n\n<div class=\"et_pb_column_16 et_pb_column et_pb_column_1_3 et-last-child et_block_column et_pb_css_mix_blend_mode_passthrough\">\n<div class=\"et_pb_module et_pb_button_module_wrapper et_pb_button_5_wrapper preset--module--divi-button--a30b17d4-93ca-4e94-b60e-0fad32ebe2b5_wrapper\"><a class=\"et_pb_button_5 et_pb_button et_pb_bg_layout_light et_pb_module et_block_module preset--module--divi-button--a30b17d4-93ca-4e94-b60e-0fad32ebe2b5\" href=\"\">Prendre RDV<\/a><\/div>\n<\/div>\n<\/div>\n<\/div>\n\n<div class=\"et_pb_section_4 et_pb_section et_section_regular et_block_section\">\n<div class=\"et_pb_row_8 et_pb_row et_pb_gutters3 et_block_row\">\n<div class=\"et_pb_column_17 et_pb_column et_pb_column_4_4 et-last-child et_block_column et_pb_css_mix_blend_mode_passthrough\">\n<div class=\"et_pb_text_12 et_pb_text et_pb_bg_layout_light et_pb_module et_block_module preset--module--divi-text--b6cb9bd8-0fbd-4699-b58d-51b3d480db23\"><div class=\"et_pb_text_inner\"><h2><span>Mise \u00e0 disposition de personnel de maison<\/span><\/h2>\n<\/div><\/div>\n\n<div class=\"et_pb_text_13 et_pb_text et_pb_bg_layout_light et_pb_module et_block_module preset--module--divi-text--31e3fe0d-2e7d-4384-8004-edb523cff22c\"><div class=\"et_pb_text_inner\"><p><span>D\u00e9couvrez notre service de mise \u00e0 disposition de personnel de maison qualifi\u00e9 et exp\u00e9riment\u00e9. Confiez-nous vos besoins et nous vous fournirons un personnel fiable et comp\u00e9tent pour prendre en charge les t\u00e2ches domestiques de mani\u00e8re efficace et professionnelle.<\/span><\/p>\n<\/div><\/div>\n<\/div>\n<\/div>\n\n<div class=\"et_pb_row_9 et_pb_row et_pb_gutters2 et_block_row\">\n<div class=\"et_pb_column_18 et_pb_column et_pb_column_1_2 et_block_column et_pb_css_mix_blend_mode_passthrough\">\n<div class=\"et_pb_module et_pb_button_module_wrapper et_pb_button_6_wrapper preset--module--divi-button--a30b17d4-93ca-4e94-b60e-0fad32ebe2b5_wrapper\"><a class=\"et_pb_button_6 et_pb_button et_pb_bg_layout_light et_pb_module et_block_module preset--module--divi-button--a30b17d4-93ca-4e94-b60e-0fad32ebe2b5\" href=\"\">Voir tous les Services<\/a><\/div>\n<\/div>\n\n<div class=\"et_pb_column_19 et_pb_column et_pb_column_1_2 et-last-child et_block_column et_pb_css_mix_blend_mode_passthrough\">\n<div class=\"et_pb_module et_pb_button_module_wrapper et_pb_button_7_wrapper preset--module--divi-button--da1d6b55-d6ba-4a97-9ef3-66dbe9a58f7b_wrapper\"><a class=\"et_pb_button_7 et_pb_button et_pb_bg_layout_light et_pb_module et_block_module preset--module--divi-button--da1d6b55-d6ba-4a97-9ef3-66dbe9a58f7b\" href=\"\" data-icon=\"$\">Prendre RDV<\/a><\/div>\n<\/div>\n<\/div>\n\n<div class=\"et_pb_row_10 et_pb_row et_pb_row_4col et_pb_equal_columns et_pb_gutters3 et_block_row\">\n<div class=\"et_pb_column_20 et_pb_column et_pb_column_1_4 et_block_column et_pb_css_mix_blend_mode_passthrough\">\n<div class=\"et_pb_image_3 et_pb_image et_pb_module et_block_module\"><span class=\"et_pb_image_wrap\"><img loading=\"lazy\" decoding=\"async\" src=\"https:\/\/elhayatassistance.myfikra.com\/wp-content\/uploads\/2024\/02\/housekeeper.jpg\" width=\"800\" height=\"700\" srcset=\"https:\/\/elhayatassistance.myfikra.com\/wp-content\/uploads\/2024\/02\/housekeeper.jpg 800w, https:\/\/elhayatassistance.myfikra.com\/wp-content\/uploads\/2024\/02\/housekeeper-480x420.jpg 480w\" sizes=\"(min-width: 0px) and (max-width: 480px) 480px, (min-width: 481px) 800px, 100vw\" class=\"wp-image-96\" title=\"housekeeper\" \/><\/span><\/div>\n\n<div class=\"et_pb_text_14 et_pb_text et_pb_bg_layout_light et_pb_module et_block_module preset--module--divi-text--29bb3e4b-c4aa-4616-b935-758c4e4734e8\"><div class=\"et_pb_text_inner\"><h3><span>Aide m\u00e9nag\u00e8re<\/span><\/h3>\n<\/div><\/div>\n\n<div class=\"et_pb_text_15 et_pb_text et_pb_bg_layout_light et_pb_module et_block_module preset--module--divi-text--f0cf31b9-b2e7-4752-a57c-6e2f73347b36\"><div class=\"et_pb_text_inner\"><p><span>soutien pratique pour un foyer impeccable.<\/span><\/p>\n<\/div><\/div>\n\n<div class=\"et_pb_module et_pb_button_module_wrapper et_pb_button_8_wrapper preset--module--divi-button--0df676f3-61e9-4bdb-9d62-c77cb87fa6d0_wrapper\"><a class=\"et_pb_button_8 et_pb_button et_pb_bg_layout_light et_pb_module et_block_module preset--module--divi-button--0df676f3-61e9-4bdb-9d62-c77cb87fa6d0\" href=\"\" data-icon=\"$\">Lire plus<\/a><\/div>\n<\/div>\n\n<div class=\"et_pb_column_21 et_pb_column et_pb_column_1_4 et_block_column et_pb_css_mix_blend_mode_passthrough\">\n<div class=\"et_pb_image_4 et_pb_image et_pb_module et_block_module\"><span class=\"et_pb_image_wrap\"><img loading=\"lazy\" decoding=\"async\" src=\"https:\/\/elhayatassistance.myfikra.com\/wp-content\/uploads\/2024\/02\/cuisiniere.jpg\" width=\"800\" height=\"700\" srcset=\"https:\/\/elhayatassistance.myfikra.com\/wp-content\/uploads\/2024\/02\/cuisiniere.jpg 800w, https:\/\/elhayatassistance.myfikra.com\/wp-content\/uploads\/2024\/02\/cuisiniere-480x420.jpg 480w\" sizes=\"(min-width: 0px) and (max-width: 480px) 480px, (min-width: 481px) 800px, 100vw\" class=\"wp-image-99\" title=\"cuisini\u00e8re\" \/><\/span><\/div>\n\n<div class=\"et_pb_text_16 et_pb_text et_pb_bg_layout_light et_pb_module et_block_module preset--module--divi-text--29bb3e4b-c4aa-4616-b935-758c4e4734e8\"><div class=\"et_pb_text_inner\"><h3><span>Cuisini\u00e8re <\/span><\/h3>\n<\/div><\/div>\n\n<div class=\"et_pb_text_17 et_pb_text et_pb_bg_layout_light et_pb_module et_block_module preset--module--divi-text--f0cf31b9-b2e7-4752-a57c-6e2f73347b36\"><div class=\"et_pb_text_inner\"><p><span>cuisine savoureuse et cr\u00e9ative \u00e0 domicile.<\/span><\/p>\n<\/div><\/div>\n\n<div class=\"et_pb_module et_pb_button_module_wrapper et_pb_button_9_wrapper preset--module--divi-button--0df676f3-61e9-4bdb-9d62-c77cb87fa6d0_wrapper\"><a class=\"et_pb_button_9 et_pb_button et_pb_bg_layout_light et_pb_module et_block_module preset--module--divi-button--0df676f3-61e9-4bdb-9d62-c77cb87fa6d0\" href=\"\" data-icon=\"$\">Lire plus<\/a><\/div>\n<\/div>\n\n<div class=\"et_pb_column_22 et_pb_column et_pb_column_1_4 et_block_column et_pb_css_mix_blend_mode_passthrough\">\n<div class=\"et_pb_image_5 et_pb_image et_pb_module et_block_module\"><span class=\"et_pb_image_wrap\"><img loading=\"lazy\" decoding=\"async\" src=\"https:\/\/elhayatassistance.myfikra.com\/wp-content\/uploads\/2024\/02\/femme-de-menage.jpg\" width=\"800\" height=\"700\" srcset=\"https:\/\/elhayatassistance.myfikra.com\/wp-content\/uploads\/2024\/02\/femme-de-menage.jpg 800w, https:\/\/elhayatassistance.myfikra.com\/wp-content\/uploads\/2024\/02\/femme-de-menage-480x420.jpg 480w\" sizes=\"(min-width: 0px) and (max-width: 480px) 480px, (min-width: 481px) 800px, 100vw\" class=\"wp-image-97\" title=\"femme-de-menage\" \/><\/span><\/div>\n\n<div class=\"et_pb_text_18 et_pb_text et_pb_bg_layout_light et_pb_module et_block_module preset--module--divi-text--29bb3e4b-c4aa-4616-b935-758c4e4734e8\"><div class=\"et_pb_text_inner\"><h3><span>Femme de m\u00e9nage :<\/span><\/h3>\n<\/div><\/div>\n\n<div class=\"et_pb_text_19 et_pb_text et_pb_bg_layout_light et_pb_module et_block_module preset--module--divi-text--f0cf31b9-b2e7-4752-a57c-6e2f73347b36\"><div class=\"et_pb_text_inner\"><p><span>propret\u00e9 et ordre assur\u00e9s dans votre maison.<\/span><\/p>\n<\/div><\/div>\n\n<div class=\"et_pb_module et_pb_button_module_wrapper et_pb_button_10_wrapper preset--module--divi-button--0df676f3-61e9-4bdb-9d62-c77cb87fa6d0_wrapper\"><a class=\"et_pb_button_10 et_pb_button et_pb_bg_layout_light et_pb_module et_block_module preset--module--divi-button--0df676f3-61e9-4bdb-9d62-c77cb87fa6d0\" href=\"\" data-icon=\"$\">Lire plus<\/a><\/div>\n<\/div>\n\n<div class=\"et_pb_column_23 et_pb_column et_pb_column_1_4 et-last-child et_block_column et_pb_css_mix_blend_mode_passthrough\">\n<div class=\"et_pb_image_6 et_pb_image et_pb_module et_block_module\"><span class=\"et_pb_image_wrap\"><img loading=\"lazy\" decoding=\"async\" src=\"https:\/\/elhayatassistance.myfikra.com\/wp-content\/uploads\/2024\/02\/Jardinier.jpg\" width=\"800\" height=\"700\" srcset=\"https:\/\/elhayatassistance.myfikra.com\/wp-content\/uploads\/2024\/02\/Jardinier.jpg 800w, https:\/\/elhayatassistance.myfikra.com\/wp-content\/uploads\/2024\/02\/Jardinier-480x420.jpg 480w\" sizes=\"(min-width: 0px) and (max-width: 480px) 480px, (min-width: 481px) 800px, 100vw\" class=\"wp-image-101\" title=\"Jardinier\" \/><\/span><\/div>\n\n<div class=\"et_pb_text_20 et_pb_text et_pb_bg_layout_light et_pb_module et_block_module preset--module--divi-text--29bb3e4b-c4aa-4616-b935-758c4e4734e8\"><div class=\"et_pb_text_inner\"><h3><span>Jardinier <\/span><\/h3>\n<\/div><\/div>\n\n<div class=\"et_pb_text_21 et_pb_text et_pb_bg_layout_light et_pb_module et_block_module preset--module--divi-text--f0cf31b9-b2e7-4752-a57c-6e2f73347b36\"><div class=\"et_pb_text_inner\"><p><span>main verte pour embellir votre espace ext\u00e9rieur avec passion.<\/span><\/p>\n<\/div><\/div>\n\n<div class=\"et_pb_module et_pb_button_module_wrapper et_pb_button_11_wrapper preset--module--divi-button--0df676f3-61e9-4bdb-9d62-c77cb87fa6d0_wrapper\"><a class=\"et_pb_button_11 et_pb_button et_pb_bg_layout_light et_pb_module et_block_module preset--module--divi-button--0df676f3-61e9-4bdb-9d62-c77cb87fa6d0\" href=\"\" data-icon=\"$\">Lire plus<\/a><\/div>\n<\/div>\n<\/div>\n<\/div>\n\n<div class=\"et_pb_section_5 et_pb_section et_section_regular et_block_section\">\n<div class=\"et_pb_row_11 et_pb_row et_pb_gutters3 et_block_row\">\n<div class=\"et_pb_column_24 et_pb_column et_pb_column_1_3 et_block_column et_pb_css_mix_blend_mode_passthrough\">\n<div class=\"et_pb_image_7 et_pb_image et_pb_module et_block_module\"><span class=\"et_pb_image_wrap\"><img loading=\"lazy\" decoding=\"async\" src=\"https:\/\/elhayatassistance.myfikra.com\/wp-content\/uploads\/2024\/02\/home-care-26.jpg\" width=\"400\" height=\"644\" srcset=\"https:\/\/elhayatassistance.myfikra.com\/wp-content\/uploads\/2024\/02\/home-care-26.jpg 400w, https:\/\/elhayatassistance.myfikra.com\/wp-content\/uploads\/2024\/02\/home-care-26-186x300.jpg 186w\" sizes=\"(max-width: 400px) 100vw, 400px\" class=\"wp-image-23\" title=\"home-care-26\" \/><\/span><\/div>\n<\/div>\n\n<div class=\"et_pb_column_25 et_pb_column et_pb_column_2_3 et-last-child et_block_column et_pb_css_mix_blend_mode_passthrough\">\n<div class=\"et_pb_text_22 et_pb_text et_pb_bg_layout_light et_pb_module et_block_module preset--module--divi-text--b6cb9bd8-0fbd-4699-b58d-51b3d480db23\"><div class=\"et_pb_text_inner\"><h2><span>T\u00e9moignages<\/span><\/h2>\n<\/div><\/div>\n\n<div class=\"et_pb_image_8 et_pb_image et_pb_module et_block_module\"><span class=\"et_pb_image_wrap\"><img loading=\"lazy\" decoding=\"async\" src=\"https:\/\/elhayatassistance.myfikra.com\/wp-content\/uploads\/2024\/02\/home-care-27.png\" width=\"208\" height=\"48\" sizes=\"(max-width: 208px) 100vw, 208px\" class=\"wp-image-14\" title=\"home-care-27\" \/><\/span><\/div>\n\n<div class=\"et_pb_slider_0 et_pb_slider et_pb_slider_fullwidth_off et_pb_module et_block_module\"><div class=\"et_pb_slides\">\n<div class=\"et_pb_slide_0 et_pb_slide et_pb_media_alignment_center et_pb_bg_layout_dark\" data-slide-id=\"divi\/slide-0\"><div class=\"et_pb_container\"><div class=\"et_pb_slider_container_inner\"><div class=\"et_pb_slide_description\"><h2 class=\"et_pb_slide_title\">\u201cProin eget tortor risus. Praesent sapien massa, convallis a pellentesque nec, egestas non nisi. Lorem ipsum dolor sit amet, consectetur adipiscing elit. Quisque velit nisi.\u00a0\u00bb<\/h2><div class=\"et_pb_slide_content\"><p>\u2013 Cao Yu<\/p>\n<\/div><\/div><\/div><\/div><\/div>\n\n<div class=\"et_pb_slide_1 et_pb_slide et_pb_media_alignment_center et_pb_bg_layout_dark\" data-slide-id=\"divi\/slide-1\"><div class=\"et_pb_container\"><div class=\"et_pb_slider_container_inner\"><div class=\"et_pb_slide_description\"><h2 class=\"et_pb_slide_title\">\u201cCurabitur arcu erat, accumsan id imperdiet et, porttitor at sem. Vestibulum ac diam sit amet quam vehicula elementum sed sit amet dui. Vivamus magna justo.\u00a0\u00bb<\/h2><div class=\"et_pb_slide_content\"><p>\u2013 Sampson Totton<\/p>\n<\/div><\/div><\/div><\/div><\/div>\n\n<div class=\"et_pb_slide_2 et_pb_slide et_pb_media_alignment_center et_pb_bg_layout_dark\" data-slide-id=\"divi\/slide-2\"><div class=\"et_pb_container\"><div class=\"et_pb_slider_container_inner\"><div class=\"et_pb_slide_description\"><h2 class=\"et_pb_slide_title\">\u201cSed porttitor lectus nibh. Curabitur non nulla sit amet nisl tempus convallis quis ac lectus. Pellentesque in ipsum id orci porta dapibus.\u00a0\u00bb<\/h2><div class=\"et_pb_slide_content\"><p>\u2013 Ivan Magalh\u00e3es<\/p>\n<\/div><\/div><\/div><\/div><\/div>\n<\/div><\/div>\n<\/div>\n<\/div>\n<\/div>\n\n<div class=\"et_pb_section_6 et_pb_section et_section_regular et_block_section\">\n<div class=\"et_pb_row_12 et_pb_row et_pb_gutters3 et_block_row\">\n<div class=\"et_pb_column_26 et_pb_column et_pb_column_4_4 et-last-child et_block_column et_pb_css_mix_blend_mode_passthrough\">\n<div class=\"et_pb_text_23 et_pb_text et_pb_bg_layout_light et_pb_module et_block_module preset--module--divi-text--b6cb9bd8-0fbd-4699-b58d-51b3d480db23\"><div class=\"et_pb_text_inner\"><h2><span>D\u00e9couvrez le soutien personnalis\u00e9 dont vous avez besoin ! Notre agence vous propose des auxiliaires de vie d\u00e9vou\u00e9es, des gardes malades attentionn\u00e9s, des nourrices exp\u00e9riment\u00e9es et du personnel de maison qualifi\u00e9. Prenez rendez-vous d\u00e8s aujourd&rsquo;hui pour b\u00e9n\u00e9ficier d&rsquo;une assistance sur mesure et de qualit\u00e9 pour vous et vos proches.<\/span><\/h2>\n<\/div><\/div>\n\n<div class=\"et_pb_module et_pb_button_module_wrapper et_pb_button_12_wrapper\"><a class=\"et_pb_button_12 et_pb_button et_pb_bg_layout_light et_pb_module et_block_module\" href=\"\" data-icon=\"$\">Prendre RDV<\/a><\/div>\n<\/div>\n<\/div>\n<\/div>","protected":false},"excerpt":{"rendered":"","protected":false},"author":1,"featured_media":0,"parent":0,"menu_order":0,"comment_status":"closed","ping_status":"closed","template":"","meta":{"footnotes":""},"class_list":["post-10","page","type-page","status-publish","hentry"],"_links":{"self":[{"href":"https:\/\/elhayatassistance.myfikra.com\/index.php\/wp-json\/wp\/v2\/pages\/10","targetHints":{"allow":["GET"]}}],"collection":[{"href":"https:\/\/elhayatassistance.myfikra.com\/index.php\/wp-json\/wp\/v2\/pages"}],"about":[{"href":"https:\/\/elhayatassistance.myfikra.com\/index.php\/wp-json\/wp\/v2\/types\/page"}],"author":[{"embeddable":true,"href":"https:\/\/elhayatassistance.myfikra.com\/index.php\/wp-json\/wp\/v2\/users\/1"}],"replies":[{"embeddable":true,"href":"https:\/\/elhayatassistance.myfikra.com\/index.php\/wp-json\/wp\/v2\/comments?post=10"}],"version-history":[{"count":23,"href":"https:\/\/elhayatassistance.myfikra.com\/index.php\/wp-json\/wp\/v2\/pages\/10\/revisions"}],"predecessor-version":[{"id":114,"href":"https:\/\/elhayatassistance.myfikra.com\/index.php\/wp-json\/wp\/v2\/pages\/10\/revisions\/114"}],"wp:attachment":[{"href":"https:\/\/elhayatassistance.myfikra.com\/index.php\/wp-json\/wp\/v2\/media?parent=10"}],"curies":[{"name":"wp","href":"https:\/\/api.w.org\/{rel}","templated":true}]}}